et s = z + 4. What is the highest common factor of m and s?
14
Let p(u) = 13*u - 3. Let z be p(3). Suppose -3*w - z = -7*w. Calculate the greatest common divisor of w and 18.
9
Suppose 8*s = 5*s. Suppose s = -2*l + 7 - 5. What is the highest common factor of 7 and l?
1
Let f be 46*(-5)/(-10) - -3. Calculate the highest common divisor of f and 26.
26
Let b = -13 - -14. Calculate the highest common divisor of b and 1.
1
Let r be 31/3 + (-5)/15. Suppose -p + 3*c = -r + 2, -3*p - 4*c - 2 = 0. What is the greatest common factor of p and 4?
2
Let r(c) = -2*c + 3. Let k be r(-4). Let l = 7 - 8. Let s be l*(-2)/4*22. Calculate the highest common factor of s and k.
11
Suppose -1156 = -5*t - 236. Suppose 4*g - 142 = -5*n - 18, n + t = 5*g. What is the highest common divisor of 24 and g?
12
Let o(g) = -10*g + 5. Let q be o(-6). Suppose -6*j + 78 = -0. Calculate the greatest common factor of j and q.
13
Suppose -9 = -q - 4. Let m(k) = k + 3. Let w be m(-8). Let z = 0 - w. What is the highest common factor of z and q?
5
Suppose i + 5*w = 326 - 98, i - 258 = 5*w. What is the highest common divisor of 27 and i?
27
Let d be 37/4 - (-1)/(-4). Let c be (-6)/(-15) - (-16)/10. Suppose -n = -5*y + 46, -y + c*n - 16 = -3*y. What is the highest common divisor of y and d?
9
Let h be ((-3)/((-1)/(-1)))/(96/(-64)). Calculate the highest common factor of h and 20.
2
Suppose 0*i - 210 = -3*i. Suppose m = 5*r + 23, m + 3*r - 14 = 17. What is the greatest common divisor of i and m?
14
Let b(c) = 22*c**2 - 11*c. Let v be b(3). Calculate the greatest common factor of v and 15.
15
Let h(p) = 47*p**2 + 1 - 43*p**2 - 3*p + 8*p. Let v be h(-4). Calculate the greatest common factor of v and 18.
9
Let w(p) = 14*p**3 - p**2 + 2*p - 1. Let k be w(1). What is the greatest common factor of k and 56?
14
Suppose -2*v - v + 129 = 3*x, -5*x + 221 = -v. Suppose -5*p + 194 = x. Let r(l) = -18*l + 3. Let o be r(-4). Calculate the greatest common divisor of o and p.
15
Suppose -2*d = -3*z - 32, 3*z - z = -3*d + 22. What is the highest common divisor of d and 2?
2
Let l be (-706)/(-18) + (-4)/18. Let j(m) = m**2 - 6*m - 7. Let s be j(7). Suppose s = 3*c + 2*c - 130. Calculate the highest common divisor of l and c.
13
Suppose 285 = -4*j - 3*b + 705, -2*b - 8 = 0. What is the highest common divisor of 12 and j?
12
Let k(w) = -w**2 + 4*w + 22. Let x be k(7). What is the highest common divisor of x and 8?
1
Suppose 2*l - 588 = -2*l. Suppose -5*f = -3 - l. What is the greatest common factor of f and 45?
15
Let z = -55 + 120. Let h = z + -30. Suppose 160 + h = 3*x. Calculate the greatest common divisor of 26 and x.
13
Suppose 0 = -3*n - 9 - 12. Let p(a) = a**3 + 8*a**2 + a - 6. Let v be p(n). What is the highest common factor of 4 and v?
4
Let y = -4 - -3. Let i(u) = -21*u**3 - 2*u**2 + 1. Let v be i(y). Suppose x = 3*x - 60. Calculate the highest common factor of x and v.
10
Let i(d) = -2 - d - 2*d + 26*d**2 - 2*d**2 - 1. Let h be i(-2). What is the highest common divisor of 11 and h?
11
Let n = 4 - 2. Let r be n - (3 - (4 - 2)). Calculate the highest common factor of r and 2.
1
Let j be 1/(1*(10/(-11) - -1)). Let t(g) = 2*g**2 + 8*g + 1. Let p be t(6). Calculate the greatest common divisor of j and p.
11
Let l be (30/(-8))/(7/28). Let q(j) = -4*j - 5. Let d be q(l). What is the highest common factor of 22 and d?
11
Suppose -5*l = b - 21, b - 3*l - 2*l = 71. Let i = b + -32. Calculate the greatest common factor of 154 and i.
14
Let d be (-2 - -3)/((-3)/(-9)). Suppose -u + 18 = 5*l, -3*u = d*l - 6 - 36. Suppose -1 + u = b. What is the highest common factor of b and 48?
12
Let s be 16/4 - 6*-2. Calculate the greatest common factor of 40 and s.
8
Let w(p) = p**2 - 11*p + 2. Let c be w(11). Suppose n - c = -l + 6, 3*l = -n + 32. What is the highest common divisor of 12 and l?
12
Let h(g) = g**3 - 6*g**2. Let r be h(6). Let y(f) = f**3 - f**2 - f + 55. Let x be y(r). Calculate the greatest common factor of 11 and x.
11
Suppose -4*k + 500 = -4*f, -2*k = 2*f + 107 - 377. What is the highest common factor of k and 26?
26
Let l be (-46)/(-6) - (-5)/15. Suppose 2*w = -0*w + 64. What is the highest common factor of w and l?
8
Suppose 3*p - 8 = -5, 3*p = 2*k - 5. Suppose k*g + 4 = 5*g. Suppose 26 = 5*c + 3*m - 44, -g*c = m - 49. Calculate the highest common divisor of 11 and c.
11
Let x = 12 + 9. Let h(s) = 5*s - 5. Let o(k) = 2*k - 3. Let t(y) = -4*h(y) + 9*o(y). Let i be t(-5). Calculate the highest common divisor of x and i.
3
Let a(y) = -y**3 + y**2 - 1. Let l be a(2). Let x = l + 8. Suppose -2*h - x = 1, -k + 2 = 5*h. What is the highest common divisor of k and 108?
12
Suppose 3*p + 2*h + 45 - 10 = 0, 2*h = -p - 17. Let f be 57/(-2 + (-21)/p). What is the highest common factor of 19 and f?
19
Let b(v) = v**2 + 9*v + 9. Let u be b(-9). Suppose -1 + 2 = -s. Let m = 2 + s. Calculate the highest common factor of m and u.
1
Suppose 104 = 4*s - 2*s. Suppose 13 + s = -5*v. Let g = 0 - v. What is the greatest common divisor of g and 117?
13
Let y = -77 + 49. Let u = y - -9. Let m be 1/4 + u/(-4). Calculate the greatest common divisor of m and 10.
5
Let f(z) = 6*z + 3. Let y be f(11). What is the greatest common divisor of y and 23?
23
Suppose 0 = -0*m + m. Suppose a = -m*a. Suppose 2*l - l - 20 = a. What is the highest common divisor of 8 and l?
4
Let v = -3 - -5. Suppose -2*x + 4*x = n + 13, -x - v*n - 6 = 0. Let u = x - -1. What is the highest common divisor of u and 20?
5
Suppose -133 = -2*t - 113. What is the greatest common divisor of 50 and t?
10
Let s = -9 - -23. What is the highest common factor of 2 and s?
2
Suppose -w + 3 = 3*v + 6, -w - 8 = 4*v. Suppose -5*p = d - 104, 2*p + 328 = 2*d + 2*d. What is the highest common divisor of d and w?
12
Let u = 9 + -4. What is the highest common factor of u and 40?
5
Let r(w) = 106*w**2 - 2*w + 1. Let o be r(1). What is the greatest common factor of 15 and o?
15
Suppose 2*l = 5*l - 24. Let c = l + -3. Let u = 4 - -31. Calculate the highest common factor of u and c.
5
Let d be 7 - (-2)/(1*-2). Let s be (d/3)/(1/2). Calculate the highest common factor of s and 10.
2
Let w = 6 + -2. Suppose c + 117 = 4*m, 2*m = -c + w*c + 71. What is the highest common factor of m and 14?
14
Suppose 0 = 4*o - m - 71, -2*m = -3*o - o + 70. Calculate the greatest common divisor of o and 54.
18
Let u = 19 + 41. Calculate the highest common divisor of 40 and u.
20
Let v = -6 + 12. Suppose v*n - 12 = 3*n. What is the highest common divisor of 4 and n?
4
Let n(t) = 2*t**3 + 4*t**2 - 8*t + 5. Let r be n(2). What is the greatest common factor of r and 21?
21
Suppose 0 = -2*q + q + 12. Let o be (-176)/(-18) + q/54. Suppose -2*r = t - o, -t + 0 - 2 = -r. Calculate the highest common divisor of 10 and t.
2
Let t = 35 + -11. Let b = 69 - t. What is the greatest common factor of b and 15?
15
Let u(c) = 3*c + 1. Let a be u(3). Let k = 163 - 93. What is the greatest common divisor of a and k?
10
Let b be -2 - (-18)/8 - (-2106)/24. Calculate the highest common factor of 22 and b.
22
Suppose 0 = s - 0*s - 8. What is the highest common divisor of s and 40?
8
Suppose -5*l = -12 - 18. Suppose 2*b + 9 = 5*b + 3*q, 20 = 2*b - 5*q. Suppose -a + 2*f = -f - 6, -b = -5*f. Calculate the greatest common factor of a and l.
3
Suppose -4 = -2*j + 4*u, -8*u - 8 = -3*j - 3*u. Suppose j*i = i. Suppose i = -2*f + f + 108. Calculate the greatest common factor of f and 12.
12
Suppose -y + 12 = -0*y. What is the highest common divisor of 60 and y?
12
Let v be ((-4)/5)/(4/(-20)). Suppose 49 + 3 = v*p. What is the greatest common divisor of p and 143?
13
Suppose -190 = -7*q - 50. Calculate the greatest common divisor of 180 and q.
20
Suppose 5*i - 50 = -5*n, 4 = 5*i - n - 40. Let p = i + 18. Let j(g) = g**3 + 2*g**2 - 2*g - 1. Let h be j(-2). What is the highest common factor of h and p?
3
Suppose -2*z + o + 3*o + 36 = 0, -2*z = -o - 27. What is the highest common factor of 60 and z?
12
Let t(h) = -4*h**3 - 2*h**2 - 2*h - 1. Let z be t(-1). Let j = 0 + z. Calculate the greatest common divisor of j and 21.
3
Suppose -3*c - 20 = -5, -2*q = c + 27. Let g = 13 - q. Calculate the greatest common factor of 6 and g.
6
Let a(f) = 12*f**2 - 2*f - 9. Let z be a(4). What is the greatest common factor of z and 70?
35
Suppose 0*v =